 19.
19
Let w be (2 - (1 + 1))/3. Suppose w = 17*v - 13*v - 16. Calculate the highest common divisor of 6 and v.
2
Let f(z) = -2 - 19*z + 4 + 2*z**2 + 15*z. Let c be f(2). Suppose c*h - 14 = 6. What is the highest common factor of 70 and h?
10
Suppose 691 = 5*l + 251. Let v(b) = -b**2 + 8*b - 4. Let f be v(6). What is the greatest common divisor of l and f?
8
Suppose 5*m + 1 = -3*a, 24 = -4*m + 4. What is the highest common divisor of a and 92?
4
Let d be 36/(-24) + 5/(-2). Let o be (2 + -4)/(d/6). Suppose -o*c = -z - 12, -z = -5*c - 2*z + 20. What is the greatest common factor of 4 and c?
4
Let j be 14 + -1 - (-8)/4. What is the greatest common divisor of j and 45?
15
Let f be 112/84 - 128/(-3). Let y(z) = z**3 - 5*z**2 - 5*z - 1. Let q be y(6). Suppose -v - 440 = -q*v. What is the greatest common divisor of v and f?
22
Suppose -4064 = 49*b - 50*b. What is the greatest common factor of 16 and b?
16
Suppose 90 - 71 = 3*s + 2*f, -5*s - 2*f + 37 = 0. What is the highest common factor of 9 and s?
9
Let j be -2 - 27/(-6) - (-15)/30. Let k = 14 + -7. Suppose 4*f = j*f + k. Calculate the greatest common factor of f and 1.
1
Let d = 14 - 4. Suppose 4*w = -d + 18. Suppose -w*v = -1 - 15. Calculate the greatest common factor of 72 and v.
8
Suppose -48 = -14*h + 12*h. Suppose -119 - 13 = -d + 3*j, d - 4*j = 136. Calculate the highest common divisor of h and d.
24
Suppose 2*c - 60 = -2*c. Let q be 8 + (2 - -1)*(-3 - -2). Calculate the greatest common factor of q and c.
5
Let q be (-1)/(-5) + (-924)/(-30). Let g = 51 - q. Calculate the highest common divisor of g and 30.
10
Let q be -13 + 7 + (-9)/(-3). Let c(p) = 2*p**2 - 2*p + 2. Let g be c(q). Calculate the greatest common factor of g and 13.
13
Let f be (-4 - -7)*(-2)/(-3). Suppose -4 = f*i - i. Let c be 0/(-2) + i - -34. Calculate the highest common factor of 12 and c.
6
Suppose -6*q + q = 0. Suppose -5*g + q = -5, 3*g = -3*m + 9. Suppose 2*u + 36 = m*t, 3*t + 3*u = 4*u + 46. What is the greatest common divisor of 21 and t?
7
Let r = -579 - -593. Calculate the highest common factor of r and 322.
14
Let g(i) = i**3 - i**2 - 2*i + 171. Let q be 6/57 - 2/19. Let t be g(q). Let s be 6/21 + (-131)/(-7). What is the greatest common divisor of s and t?
19
Suppose -3*f - 8 = -h, 5*h - 2 = -4*f - 0. Let d = f + 9. Suppose 10*j - 21 = d*j. Calculate the highest common divisor of 7 and j.
7
Let w(a) = a**3 - 9*a**2 - 2*a + 25. Let p be w(7). Let q = -49 - p. What is the greatest common divisor of 2 and q?
2
Let a(i) = -i**2 + 4*i - 2. Let g be a(1). Let o(k) = 63*k + 3. Let c be o(g). Let h = -10 + 32. What is the greatest common factor of c and h?
22
Suppose 5*x = c - 144, -10*x + 11*x - 120 = -c. What is the highest common divisor of 62 and c?
62
Let q = 18 + -4. Let n be (-4)/q + 440/70. What is the greatest common divisor of n and 15?
3
Suppose -2*a + 5 + 21 = 0. Let z = a + -2. Suppose 0 = -2*b + 7*b - 605. What is the highest common factor of b and z?
11
Let h(w) = -10*w - 59. Let m be h(-19). Let q = 135 - m. What is the highest common divisor of 3 and q?
1
Let h(c) = 2 - 8 - 3*c + 2. Let a be h(-8). Calculate the greatest common factor of 220 and a.
20
Suppose -4*p = -17*q + 18*q - 450, 405 = q - 5*p. What is the highest common factor of 258 and q?
86
Let b be (-25)/2*(-10)/(-5). Let n = b - -20. Let x = 8 + n. Calculate the greatest common factor of 3 and x.
3
Let k be 104 - (7 - (5 - -6)). What is the greatest common factor of k and 4?
4
Let t = 184 - -299. Calculate the greatest common factor of 63 and t.
21
Let r(d) = 4*d**3 - 3*d**2 + 2*d - 3. Let v be r(3). Suppose -12*n + 43*n = 651. Calculate the highest common factor of n and v.
21
Suppose 640 = 17*s - 193. Calculate the greatest common factor of s and 7.
7
Suppose 5*x + 5*p - 1055 = -0*x, 5*x - 1047 = 3*p. What is the greatest common divisor of 30 and x?
30
Let l be ((-99)/27)/((-1)/3). Suppose 0 = l*w + 70 - 2182. What is the greatest common factor of 24 and w?
24
Let x be (-45)/(-11) + -4 - 650/(-110). What is the greatest common divisor of x and 290?
2
Suppose -70 = -4*d + 2*d + j, 26 = d + 4*j. Let b be 3388/40 + 162/540. What is the highest common factor of b and d?
17
Let j(o) be the second derivative of o**5/10 + o**4/2 - o**3/2 + 15*o. Let g be j(3). Calculate the highest common divisor of 11 and g.
11
Suppose 0 = 4*n - 36 + 4. Let p = -60 + 84. What is the highest common divisor of n and p?
8
Let k(p) = 7 - p + 10*p**2 + p**2 - 6*p**2. Let z be k(7). Calculate the highest common factor of z and 49.
49
Suppose 5*k - 8 = 4*m, 0 = -k - k + 5*m + 10. Suppose k = -2*s - 3*x + 47, -s + 2 = x - 21. Calculate the highest common divisor of s and 33.
11
Let n = 1539 - 1152. What is the highest common factor of 1419 and n?
129
Let w(a) = 12*a - 15*a + 13*a + 5 + 5*a**2. Let v be w(-6). Calculate the greatest common factor of 25 and v.
25
Let r(c) = -c**3 - 3*c**2 + 3*c - 11. Let y be r(-5). Let w be 237/y - 6/(-48). Calculate the highest common divisor of w and 4.
2
Suppose -37*b = -39*b - 10, 5*b + 60 = 5*a. Let u(y) = 2*y - 1. Let m be u(4). Calculate the greatest common factor of m and a.
7
Suppose 3*y - 37 - 53 = 0. Suppose -4*n + 5*g = -45, -3*n - 3 + 51 = g. Calculate the highest common factor of n and y.
15
Suppose 2*t - 6 = 2*i + 30, 0 = 4*t + 3*i - 93. Let s = t - 12. Let d(k) = -k + 9. Let z be d(-9). Calculate the highest common factor of z and s.
9
Suppose 10 = -3*g + 262. Suppose 0 = 3*v - 2*v - 6. Suppose -v*o + 301 = -35. What is the greatest common factor of o and g?
28
Suppose -3*b - 5 = l - 2, -1 = -l - b. Let d = 1695 - 1674. Calculate the greatest common factor of l and d.
3
Let g(q) = q**3 + 13*q**2 + q + 13. Let d be g(-13). Suppose -5*k + d*k - 113 = -u, 0 = u + k - 107. What is the greatest common divisor of 12 and u?
12
Suppose 7*j = 4*j + 12. Suppose 5*m + 8 = m. Let v(h) = h + 3. Let f be v(m). What is the highest common factor of j and f?
1
Let v(r) = 3*r**2 + 5*r - 42. Let l be v(6). Calculate the highest common divisor of l and 528.
48
Suppose -8*r - 476 = -42*r. What is the highest common divisor of r and 126?
14
Let y(h) = 8*h - 196. Let s be y(25). What is the greatest common divisor of 5 and s?
1
Let q = -33 + 37. Suppose l + q*w - 56 = -l, 0 = -l + 4*w - 2. Calculate the greatest common factor of 90 and l.
18
Let g be 10*-12*(116/40 + -3). Calculate the greatest common divisor of g and 852.
12
Let g be 6/(-15)*-5 - -308. Let j = g - 157. Let y = -85 + j. Calculate the greatest common divisor of y and 34.
34
Let d(u) = -34*u + 419. Let w be d(11). What is the greatest common factor of 5 and w?
5
Let p be (-465)/310*((-76)/(-3))/(-2). What is the greatest common divisor of p and 57?
19
Suppose -6*v + 130 = -5*j - v, -2*j + 5*v = 52. Let d = -13 - j. Let p = -97 - -149. Calculate the greatest common factor of p and d.
13
Suppose 3*n = -5*c + 1720, 3*c = 3*n - 5*n + 1148. What is the highest common divisor of n and 20?
20
Let c(r) = -26*r**3 + 2*r**2 + r. Let f be c(-1). Suppose -4*m = 5*u - 270, 270 = 197*u - 192*u + 2*m. What is the highest common divisor of u and f?
27
Suppose -5*z = 2*u - 48, -z + 2*u + 8 = 4*u. What is the highest common divisor of z and 55?
5
Suppose -h = 3*x - 604, -805 - 409 = -2*h - 3*x. What is the greatest common divisor of 10 and h?
10
Let r(k) = 29*k - 141. Let h be r(5). What is the greatest common factor of h and 32?
4
Suppose 4*s - 72 = 28. Let m = 33 - 28. Suppose m*o + 4*k = 41, 3*o + 15 = 2*o + 5*k. Calculate the greatest common factor of s and o.
5
Let o = -131 + 117. Let v(x) = 4*x + 63. Let j be v(o). Let t(a) = -7*a**3 + a**2 - 1. Let y be t(-1). Calculate the highest common factor of j and y.
7
Let d = 45 + -57. Let h(q) = -q**2 - 10*q + 29. Let j be h(d). Suppose -r + 35 = -6*u + 2*u, 105 = 3*r + u. Calculate the highest common divisor of r and j.
5
Let m be 6*((-147)/6 - -4). Let h = -74 - m. What is the highest common factor of 7 and h?
7
Let j(g) = -6*g - 4. Let n be j(-5). Let b(f) = f**2 - 7*f + 27. Let o be b(7). Let m = o - n. Calculate the greatest common factor of 5 and m.
1
Let f = -192 + 200. Calculate the greatest common divisor of 216 and f.
8
Suppose 0 = -21*d + 19*d + 4. Suppose -2*w + q = -725, -d*w = -2*q - 91 - 633. Suppose -y + 25 + 8 = 0. What is th